y + 7. Calculate the highest common factor of h and s.
2
Let q(c) = -8*c**2 + c**2 - 5 - c**2 + 5*c + 2*c**3 + 0*c. Let o be q(5). Let g = -5 - -33. What is the highest common divisor of g and o?
14
Let l(o) = o**2 - o + 4. Let p be l(0). Let b be ((-6)/(-4) - 0)*4. Let h = b + -2. Calculate the highest common factor of p and h.
4
Let d be (20/(-4) + 2)*-7. Suppose d - 28 = -k. Let f(r) = 50*r**2 - 1. Let q be f(1). What is the highest common factor of q and k?
7
Suppose -27*c + 84 = -51. Let a = 128 + -83. What is the highest common divisor of c and a?
5
Let l be -4*(2 + -3)*(-7 + 12). Calculate the greatest common divisor of l and 110.
10
Let x = -10 + 0. Let f(s) = -s**3 - 9*s**2 + 5*s - 16. Let b be f(x). Calculate the greatest common factor of b and 238.
34
Suppose -208 = -5*l + 3*l. Suppose 0*q + 2*p = q - 23, 4*q - 62 = 2*p. Calculate the highest common divisor of l and q.
13
Suppose -2*z = u - 98, 3*z + u - 3*u = 147. Calculate the greatest common divisor of 21 and z.
7
Let g = -19 + 35. Suppose 4*u - 128 = -g. What is the highest common factor of u and 28?
28
Let n(o) = -4*o. Let k be n(3). Let p = 64 + k. What is the highest common divisor of p and 39?
13
Suppose 4*p - 125 = 5*u, -5*p + 6*u = 4*u - 152. Suppose -3*x = 2*x - 225. Calculate the greatest common factor of p and x.
15
Suppose -2*d + 2 = 0, d - 671 = -5*n + 5*d. What is the greatest common divisor of n and 75?
15
Suppose -4*g = -195 - 29. Let l(x) = -x**2 - 9*x + 14. Let i be l(-10). What is the highest common factor of g and i?
4
Suppose -2*s = s + 3*n - 9, -2*s - 4*n = -12. Suppose 4*g - 301 + 73 = s. Let c be (g - -1) + 17 + -15. Calculate the highest common divisor of 12 and c.
12
Suppose -2*l = v - 6*l + 11, -5*v - 3*l = -60. Let z = -9 + v. Suppose -2*i + 3*i - 9 = z. Calculate the highest common factor of 45 and i.
9
Let r = -78 - -112. Let m be r/9 + 4/18. Let b = m + 5. What is the greatest common factor of 9 and b?
9
Suppose -68 = -20*q - 14*q. Let m = 4 - 3. What is the greatest common divisor of m and q?
1
Let m(w) = 7 - 28*w - 23*w + 50*w. Let f be m(-7). What is the highest common divisor of f and 112?
14
Suppose 5*g + 4*h = 98 - 4, 74 = 4*g + 2*h. What is the greatest common divisor of 144 and g?
18
Let n = 854 - 735. What is the greatest common divisor of 51 and n?
17
Let x(r) = r**2 + 6*r - 2. Let q be x(-8). Suppose -26*c = -29*c + 18. Suppose -2*k + c = k. Calculate the greatest common factor of k and q.
2
Let y(m) = 23*m + 31. Let n be y(6). Calculate the highest common divisor of n and 26.
13
Suppose 4*h + 8 = -3*y - y, y - 3*h - 6 = 0. Suppose -4*q + 3*q + 14 = y. What is the highest common divisor of 182 and q?
14
Let x be ((-6)/10)/(50/(-16750)). Calculate the highest common divisor of x and 67.
67
Let y(c) = -3*c. Suppose -2*q - 7 = h + 10, 2*q + 4*h + 20 = 0. Let b be y(q). Let k be (-2312)/(-24) + 2/(-6). What is the highest common factor of b and k?
24
Let i be -36 - ((-3 - -2) + 4). Let h be (i/9)/1*-3. What is the highest common factor of h and 91?
13
Suppose -v - 2*z + 36 = 0, 3*v + 4*z - 53 - 49 = 0. Calculate the greatest common factor of v and 12.
6
Suppose 32*o + 277 = 341. What is the greatest common factor of o and 9?
1
Let x(z) = z + 4 - 3 + 0 + 2. Let s be x(0). Let a be s - (3 - 40*2). What is the highest common divisor of a and 16?
16
Let s = -45 - -91. Let w = s + -34. Calculate the highest common factor of 12 and w.
12
Let v = -12 - -18. Let y be 2 - (-2)/(-3)*v. Let z = y + 74. Calculate the greatest common divisor of z and 9.
9
Let b be (51/34)/((-5)/(-180)). What is the highest common factor of 12 and b?
6
Suppose -10 = -7*h + 5*h. Suppose 0 = h*w + 4 - 14. Suppose w*k + 16 = 4*k. What is the greatest common factor of 2 and k?
2
Suppose 0*q + q + 4*k - 69 = 0, -276 = -4*q - 2*k. Let r(y) = -7*y**3 - 4*y**2 - 4*y - 2. Let i be r(-2). What is the highest common divisor of q and i?
23
Let r be (-40)/4*(-7 - 0). Calculate the highest common divisor of 50 and r.
10
Let y be (-4)/14 + (-16)/(-7). Let w = 2099 - 2075. Calculate the greatest common divisor of y and w.
2
Let s(h) = h**3 - 9*h**2 + 3. Suppose 11 = 11*j - 88. Let f be s(j). Calculate the greatest common factor of f and 21.
3
Let i be 5/((-50)/(-1164)) - 3/(-5). Calculate the greatest common divisor of i and 104.
13
Let x be (1 - 5/15) + (-1550)/(-6). What is the highest common divisor of 74 and x?
37
Suppose -8 = -3*s - 2, 0 = y - 4*s - 5. Suppose -4*i + 3 = -y. Suppose 4*x = -2*v + 50, -2*x + 3*v + 20 = -v. What is the greatest common divisor of x and i?
4
Let y be -2 + 1 + -2 + 17. Suppose -3*r - 99 = -2*v, 19 = 2*v + 3*r - 50. What is the greatest common divisor of y and v?
14
Let j be 6/(6/2) + -1. Let k be (2/j - 0) + -3. Let y be ((-15)/(-20))/(k/(-4)). Calculate the greatest common divisor of 9 and y.
3
Let a be 246*2/9 - (-2)/6. Let c = 71 - a. Calculate the greatest common factor of c and 88.
8
Let h be (2 - -2 - -1) + -3. Let q = 9 + -4. Suppose j - h*u = 8, 18 = j - q*u + 4. Calculate the highest common factor of j and 10.
2
Let f(k) = k**3 - 36*k**2 + 36*k - 25. Let x be f(35). Calculate the greatest common divisor of x and 65.
5
Let z = 685 - -20. Calculate the highest common factor of 47 and z.
47
Let t = -102 - -48. Let r be (-12)/t - (-372)/27. Calculate the greatest common factor of 2 and r.
2
Let m be 10/(-6)*(540/(-50) + 9). Calculate the highest common divisor of m and 6.
3
Suppose -6*h + h = 0. Suppose -5*d + 2*d + 117 = h. Let v(j) = -11*j - 9. Let k be v(-2). Calculate the highest common factor of k and d.
13
Let j = -254 + 267. Suppose 4*l + 84 = -o, 3*l + 505 = -2*o - 3*o. Let b be (-6)/((-2)/o*-3). What is the highest common factor of j and b?
13
Suppose -3*s = -9, 3*s + 6 = v - 0*s. Let z = -32 + 62. What is the greatest common divisor of z and v?
15
Suppose 3*n = 145 - 43. Suppose -4*z + 182 = -n. What is the highest common divisor of 18 and z?
18
Suppose -630*p = -639*p + 33480. What is the greatest common factor of 120 and p?
120
Let t be -2 - ((-1 - -4) + -7). Suppose -r + 144 = t*r. Let k = -7 + 19. What is the greatest common divisor of k and r?
12
Let n(g) = 21*g**2 - 1. Let l = 21 + -22. Let u be n(l). Calculate the highest common divisor of u and 100.
20
Let b(n) = 38*n**3 + 3*n - 1. Let k = -68 + 69. Let j be b(k). Suppose -3*o + 12 + 0 = 0. What is the highest common divisor of o and j?
4
Suppose -33 = 27*h - 26*h. Let v be h/(-7) - (-6)/21. What is the highest common divisor of 10 and v?
5
Let h = -73 + 203. What is the highest common divisor of 52 and h?
26
Suppose -3*q - 1852 + 1936 = 0. Calculate the greatest common divisor of 224 and q.
28
Let o be -129*(-1)/(-2)*1064/(-798). What is the highest common divisor of 43 and o?
43
Let m(z) be the second derivative of -3*z**5/20 + z**4/2 - z**3/6 + z**2 - 23*z. Let b be m(-3). Calculate the greatest common factor of b and 20.
20
Let a be ((-46)/(-3))/((-26)/(-39)). Let c = -368 + 529. What is the highest common factor of c and a?
23
Suppose 1530 = 375*d - 369*d. Calculate the greatest common factor of d and 15.
15
Let u be 9/((3 - -4) + -4 - 2). Calculate the greatest common divisor of u and 9.
9
Suppose -r + 3 + 2 = 0. Let y = 43 - 34. Suppose -201 - 204 = -y*q. What is the highest common divisor of q and r?
5
Suppose -111 = -2*y - 45. Calculate the greatest common divisor of y and 99.
33
Let b(q) = q + 8. Let x be b(12). Suppose -x - 16 = -2*s. What is the greatest common factor of s and 54?
18
Let p be -1*(-4)/2 - -28. Suppose 106*t = 111*t - p. Calculate the highest common divisor of 30 and t.
6
Suppose 0*o - 102 = -o. Let l be 4/6 + o/9. Let z(u) = 2*u + 11. Let k be z(l). Calculate the highest common factor of k and 14.
7
Suppose -1561 = -4*m - 2*j - j, -2*m = -3*j - 785. What is the greatest common factor of 23 and m?
23
Let l = 186 - 122. Let z = 16 + l. Calculate the highest common divisor of z and 4.
4
Let v be 2/(-2)*(-1 - 1). Let a be 49/63 - v/(-9). Suppose 0*f + 3*f = 27. Calculate the greatest common divisor of f and a.
1
Suppose 2*n + 2*p - 3*p = -6, -2*n - 2*p = 0. Let m be 64 - (2 - (1 - n)). Calculate the greatest common divisor of m and 26.
13
Let m(l) = -2*l + 2 - 13 - 2 + 5*l. Let r be m(6). Calculate the greatest common factor of 10 and r.
5
Suppose 2*z - 6 